ond derivative of -k**6/360 + k**5/15 + k**4/6 + k**3 - 4*k. Let i(a) be the second derivative of q(a). What is the units digit of i(7)?
1
What is the units digit of (164/20)/((-10)/(-550))?
1
Let v(f) = f**3 - 10*f**2 + 14*f + 7. Let g = -23 + 30. Let c be v(g). Let y = c + 77. What is the units digit of y?
5
Let d(l) be the third derivative of 7*l**4/24 + 5*l**3/6 - 34*l**2. What is the tens digit of d(3)?
2
Suppose 7*o = 1533 + 1267. What is the units digit of o?
0
Let h = -102 + 104. Suppose -h*t - t + 66 = 0. What is the tens digit of t?
2
Suppose 3*n = 8*n - 2530. What is the units digit of n?
6
Let o be (-3 - 12) + -1 + 1. Let d = o - -18. Suppose -d*u + x = -90, 3*u + 5*x + 38 = 110. What is the units digit of u?
9
Suppose 4*b + 3 - 11 = 0. Suppose 2*h = 4*h - 2*c - 86, 4*h + 2*c - 202 = 0. Suppose -76 = -2*u + b*m, u - 2*m - h = m. What is the units digit of u?
3
Let i = 8935 - 5584. What is the units digit of i?
1
Let g be ((-18)/(-10) - 2) + (-1392)/(-10). Let i = -92 + g. What is the units digit of i?
7
Suppose 3*w + 12 = 0, 2*q + 5*w + 296 = -0*q. Let k be q/(-4 + 1) - -4. Let d = k - 30. What is the units digit of d?
0
What is the hundreds digit of (-10 + 7 - -7)*166?
6
Let n(v) = v**2 - 2*v - 12. Let z be n(-5). Let p(x) = 4*x - 14. What is the tens digit of p(z)?
7
Suppose 5*g = g + 40. Let t(p) = p + 2. Let u be t(3). Suppose 0 = -3*i + u*f + g, -5*i + 10 = 5*f - 20. What is the units digit of i?
5
Suppose 3*k - 2*p = 6224, 4*k - 13*p = -10*p + 8297. What is the hundreds digit of k?
0
Let r = -526 + 549. What is the tens digit of r?
2
Let q = -2237 + 3419. What is the tens digit of q?
8
Let o(z) = 13*z - 13. Let u be o(8). Suppose -w + u - 34 = 0. What is the tens digit of w?
5
Let y be (4/5)/2 - 56/(-35). Suppose 3*k + 2*k = 4*j - 249, -y*j = 5*k - 87. What is the units digit of j?
6
Suppose 0*w + 5*w = 15. Suppose -w*g = -4*g + 82. Let z = g - 56. What is the tens digit of z?
2
Suppose -3*c = 2*t - 1109, 8*t + 1460 = 4*c + 6*t. What is the hundreds digit of c?
3
Let d be (6 - 0)*(0 + 1). Suppose 46*n - 443 = 661. Let i = d + n. What is the tens digit of i?
3
Let k(n) = -n**2 - 8*n - 3. Let q be k(-6). What is the tens digit of (-11)/q + 1 + (-951)/(-27)?
3
Let d(r) = 7 - 5 - 8 - 3 + 9*r. Let c(m) = m**2 + 7. Let q be c(0). What is the tens digit of d(q)?
5
Suppose -15*f = -19*f + 2520. Suppose -f = -2*i - 8*i. What is the tens digit of i?
6
Let r(m) = -m**2 - 20*m + 3. Let s(t) = t**2 + 21*t - 2. Let c(h) = 7*r(h) + 6*s(h). Let q be 0 + -13 + -17 + 10 + 6. What is the units digit of c(q)?
9
What is the thousands digit of (863/3)/(11/(57 - -9))?
1
Suppose -12 = 3*l, -3*y + 20 + 19 = -3*l. Let i = y + -5. What is the units digit of (-6)/i - 846/(-12)?
9
Let n be -1*(-4 - -4 - -1). Let o be n - (3 - 0) - 3. What is the tens digit of 3/(-1) - o - -36?
4
Let w be ((-4)/(-2))/(-2 - 16/(-6)). What is the units digit of 10 + -3 + w + -2?
8
Suppose 470 = 5*y - 3*l, 0 = 7*l - 2*l. Suppose -13*v + 12*v = -y. What is the tens digit of v?
9
Let j = -59 - -168. What is the tens digit of j?
0
Let d(p) = -2*p + 3. Let w(r) = -r. Let s(c) = -2*d(c) + 6*w(c). Let q be s(-5). Suppose q*n = 149 + 31. What is the units digit of n?
5
Let w(j) = j + 61. Let s be w(-31). Let k = 80 - s. What is the tens digit of k?
5
Let x = 1335 + -114. What is the units digit of x?
1
Let k = 10 + -9. Let g be (-7)/(-28) + k/(-4). Suppose -b + g = -3. What is the units digit of b?
3
Let k be -31*(21/(-6))/((-1)/2). Let n = -135 - k. What is the units digit of n?
2
Let a(c) = 262*c**2 - 2*c - 2. What is the tens digit of a(2)?
4
What is the hundreds digit of ((-2)/(-3))/(186/403155)?
4
Let j(g) = -g**3 - 18*g**2 - 4*g + 37. Let f be j(-18). Suppose -2*r = -13 - f. What is the tens digit of r?
6
Suppose 1090 = 5*a - 980. What is the hundreds digit of a?
4
Let p(x) = -x**2 - 3*x + 2. Let r be p(-4). Let d = 39 + r. What is the units digit of d?
7
Suppose -4*o + 104 = -5*k, -2*o - 80 = 3*k - 0*o. Let w be (-14 - -1) + k/(-6). Let a = w - -56. What is the tens digit of a?
4
Let m be (5356/(-78))/(1/(-3)). Suppose 5*d + 0*d - 116 = -3*i, 5*i = -2*d + m. What is the units digit of i?
2
Let w = -4 + -3. Let f(p) = -p + 7. Let r be f(w). Suppose -6*a + r = -5*a. What is the tens digit of a?
1
Suppose 4*f = 3*a - 13 - 11, -5*a = 2*f + 12. Let b(g) = -g**3 - g**2 - 2*g - 2. Let x be b(-2). What is the tens digit of (x/f)/((-1)/28)?
2
Let g(b) be the third derivative of 23*b**5/60 - b**4/12 + b**3 - 7*b**2. Let v be g(-3). Suppose 3*u - v = 24. What is the tens digit of u?
8
What is the tens digit of (0 - (-159)/6)*(-3 + 5)?
5
Let q(o) = -o**3 + 3*o**2 + 4*o + 5. Let s be q(4). Suppose 0 = s*j - 0*j - 230. What is the tens digit of j?
4
Suppose -423 = -7*j + 3819. What is the units digit of j?
6
Suppose -2*l = -5*z + 3*z - 12, 3*z = 0. Let d(j) = -j**2 + 7*j**2 + 2*j - 5*j**2 - l. What is the units digit of d(4)?
8
Let x(t) = 162*t**2 - 20*t + 20. What is the units digit of x(1)?
2
Let s be (-7)/((-20)/(-105) - 3/9). Let o = s - 6. What is the tens digit of o?
4
Suppose -267 = -3*d + 2286. Suppose -9*p - 203 = -d. What is the tens digit of p?
7
Let v be (-4)/(-10) + 3/(75/115). Suppose -2*z + 4 = 0, -4*m + 2*z = -3 - 9. Suppose 15 = -5*t, m*y - 2*t - 103 = -v*t. What is the tens digit of y?
2
Let i(l) = l**3 - 31*l**2 + 14*l + 39. What is the hundreds digit of i(31)?
4
Let p = 646 + -282. What is the tens digit of p?
6
What is the units digit of (-33)/385*7 - (-4856)/10?
5
Let u be 10/5 + 0/(-4). Let c(a) = 3 - a**3 - 6*a**2 + 2*a**2 + u*a**2 - 4*a. What is the units digit of c(-4)?
1
Let w(a) = -a**2 + 7*a - 8. Let f be w(5). Suppose -f*h = -5*x + 2*h + 16, x = -4*h + 8. What is the units digit of x?
4
Suppose -5*n + 5*p = 50, 0 = -5*n - p + 3*p - 35. Let b(h) = -h**3 + 3*h**2 - 9. What is the hundreds digit of b(n)?
1
Suppose 0*r + 3*d - 125 = -4*r, -61 = -2*r - 3*d. Suppose 14*c + r = 10*c. Let a(l) = -4*l - 3. What is the tens digit of a(c)?
2
Suppose -3*s + 0*g = 3*g - 12, 0 = -5*g. Suppose s*n + 94 = 5*h, -41 = -5*h + n + 50. Let m = h + -4. What is the units digit of m?
4
Suppose 41*f - 62*f + 9534 = 0. What is the units digit of f?
4
Let n(j) = 7*j + 16. Let g be n(-2). Suppose -4*q + 3*y + 404 = 0, -g*q + 101 = -q + 4*y. What is the hundreds digit of q?
1
Suppose -p + 3 = -j, 5*p = -3*j + 4*j + 27. Let s(f) be the first derivative of f**3/3 - 3*f**2/2 + 10*f + 6. What is the units digit of s(p)?
8
Let f = -12 + 11. What is the units digit of -4 + 0 - 46/f?
2
Let p(v) = -v**3 - 6*v**2 - 5*v - 2. Let q(y) = y**2 + 14*y + 39. Let g be q(-9). What is the units digit of p(g)?
8
Suppose 3*w + 12 = 4*n, 16 = 2*w + 5*n + 1. Suppose -10 = -2*l - 2*b + 3*b, l - 5*b - 5 = w. Let j(p) = p**2 - 3*p - 4. What is the units digit of j(l)?
6
Suppose -2822 = 70*m - 10872. What is the hundreds digit of m?
1
Let r(s) = 3*s + 24. Let n(g) = -11*g - 43. Let q(c) = -6*c - 21. Let x(o) = 3*n(o) - 5*q(o). Let z(h) = -2*r(h) - 3*x(h). What is the units digit of z(-7)?
3
Suppose 0 = -0*p - 2*p + 90. Let b = 53 + p. Suppose s + 3*s - b = 3*j, -j - 94 = -4*s. What is the tens digit of s?
2
Suppose 0 = -1329*k + 1321*k + 1640. What is the hundreds digit of k?
2
Let z(f) = -f**3 - 4*f**2 + 4*f - 5. Let w be (-10)/(-4)*(-2)/1. Let r be z(w). Suppose 0 = -5*s + 10, 0 = -r*c + c + 2*s - 43. What is the units digit of c?
9
Let g = -197 + 446. Suppose 12*l = 63 + g. What is the units digit of l?
6
Suppose -2 - 3 = -u. Let i(n) = -6*n + 7*n**2 + 2*n + u*n - 3. What is the tens digit of i(2)?
2
Let m be 1052*1*1/2. Let c = m - 360. What is the tens digit of c?
6
Let t = -303 + 157. Let j = t - -246. What is the tens digit of j?
0
Suppose 0 = -3*m + 165 - 495. Let p = m - -220. What is the units digit of p?
0
What is the hundreds digit of (-7)/(21/18)*380/(-8)?
2
Suppose 0 = -5*d - i + 7682, -28*d + 33*d + 2*i = 7679. What is the tens digit of d?
3
Suppose -s - 3*v + 2*v = -8, -s - 2*v = -10. Suppose n + s - 1 = -4*f, 0 = 2*n + 5*f + 16. Let b = -5 - n. What is the units digit of b?
8
Suppose -6*i = -9*i + 60. Suppose -5*n + 6*f + 58 = 2*f, -n + i = 2*f. What is the units digit of n?
4
Let f(i) = 4*i**3 - 5*i**2 + 6*i - 5. Let y be f(3). Suppose -3*v = 3*r - 84, 2*v + v + y = 2*r. What is the tens di